r?
True
Let f = -4 - -8. Suppose 0*i - 5*y - 416 = -2*i, -f*i = 3*y - 806. Is i composite?
True
Let u be (3 - 9/3)/(-2). Suppose 4*y + u*y + 32 = 0. Is (-1 + (-36)/16)*y composite?
True
Suppose 0 = -70*y + 66*y + 28. Suppose -u = y*u - 3032. Is u prime?
True
Suppose q = -2*q + 6, -2*q + 355059 = 5*s. Is s a composite number?
False
Let w(m) = 15*m - 31. Suppose 3*a - 3*u - 17 = 10, -5*a - 3*u + 61 = 0. Is w(a) prime?
False
Let y(k) = -7 - 174*k - 18 + 7 - 9. Is y(-5) a prime number?
False
Let l(w) = 34*w**2 - 15*w - 8. Is l(-11) a composite number?
False
Let k(u) = 8*u + 26. Let w be k(-3). Suppose -2*b + o = -615, -4*b - w*o + 919 = -b. Is b a prime number?
True
Suppose -13*c + 5*c = -32. Is 5 + 7568/6 + c/6 a prime number?
False
Let a(v) = 293*v**3 - 6*v + 8. Let j be a(2). Suppose -j = -3*k - 285. Is k a composite number?
True
Suppose -6 = 5*g - 8*g. Suppose 5*x + 2215 = g*q, 4*q + 7*x - 4469 = 4*x. Is q a prime number?
False
Suppose -2*i = 5*k - 306, 0*i - 4*k = 2*i - 308. Suppose 4*c = 2*p - i, 5*p - 3*p = -c + 133. Is p prime?
False
Is (-2*(3829 + 2))/((-40)/20) composite?
True
Suppose -z + 4 = 5, 5*i - 2*z = 59557. Is i composite?
True
Suppose 4*x - 3*l = 577 + 483, -l = -3*x + 790. Let f = x - -3. Suppose 0 = -3*i + 440 + f. Is i a composite number?
True
Suppose 16142 = 4*k + 5*w - 3*w, -w = -k + 4040. Suppose -2*v + v + 1323 = -4*z, 0 = 3*v + 5*z - k. Is v prime?
False
Is 273/(-39) - 2440/(-2) composite?
False
Let z = 171 + -162. Is ((-6681)/z)/(14/(-42)) a prime number?
False
Let z(h) = 4*h**3 + 13*h**2 - 14*h + 9. Is z(8) prime?
True
Suppose 0 = 5*h - 4*a - 35, 0*a + 3*a + 27 = 4*h. Suppose -h*c + 872 = -511. Let t = c + -248. Is t composite?
True
Suppose -33*u = -47*u + 20734. Is u a prime number?
True
Let s(f) be the third derivative of 2*f**7/315 + f**6/80 + f**5/12 + f**4/6 + 10*f**2. Let n(d) be the second derivative of s(d). Is n(-5) composite?
True
Let c(x) = -2*x + 628. Suppose 0*y - 4*y = 0. Let w be c(y). Suppose -q - w = -5*q. Is q composite?
False
Let f(p) = 197*p - 134. Is f(9) a prime number?
False
Let h = -13696 - -19197. Is h a composite number?
False
Let s(z) = -z**3 + 9*z**2 - 8*z + 5. Let g be s(8). Suppose g*b - 3345 = -w, 3345 = 5*b + 7*w - 2*w. Suppose 0*a - b = -3*a. Is a a prime number?
True
Let g = -815 + 1405. Suppose -2*f + 44 + g = 0. Is f composite?
False
Let m = 6 - 5. Let s(n) = 406*n + 3. Is s(m) a composite number?
False
Let w(y) = -5*y + 13. Let z be w(-4). Suppose 34*x - 3137 = z*x. Is x prime?
True
Let a(l) be the first derivative of 17*l**5/60 - l**4/6 - l**3 + 11*l**2/2 - 8. Let k(j) be the second derivative of a(j). Is k(-3) a composite number?
True
Let o be (0 - 5)*(-5322)/10. Suppose -x = 2*x - o. Is x composite?
False
Let r(t) = 5*t. Let l(n) = -n - 6. Let i be l(-8). Let y be r(i). Suppose -5*a + y*a - 355 = 0. Is a prime?
True
Let l(h) = -h + 1. Let i(y) = -293*y**2 - 5*y + 1. Let f(j) = -i(j) + 6*l(j). Let x be f(-3). Let c = x - 1858. Is c prime?
True
Suppose -9 - 1 = -5*j. Suppose 0 = 4*i + 4*a - 5*a - 12608, 6326 = j*i + 5*a. Is i composite?
True
Suppose 0*h - 4*h = 0. Let z(i) = i - 105. Let d be z(h). Let y = d + 356. Is y a composite number?
False
Let i(x) = -914*x - 1. Is i(-1) composite?
True
Let b be 2 - (8 + 0)*-1. Let k be ((-6)/b)/(1/(-45)). Is (-28)/6*k/(-6) a prime number?
False
Let l be (-168)/(-16)*(24 - -2). Suppose 2*y + 3*q = l, 0*y + q = 5*y - 657. Suppose 2*p = -2*p + y. Is p a prime number?
False
Let w(i) = i**2 - i - 43. Let m be w(7). Is (-16 - 1038)*m/2 a prime number?
False
Suppose -2*c = -0*n + 4*n - 27156, 4*c = -n + 6803. Is n a prime number?
False
Let x be (-8)/(-6)*(-6)/(-2). Suppose 8*u = x*u - 40. Is 526*(u/(-4) + -2) composite?
False
Suppose 0 = -2*g + 3 - 83. Is (248/(-32))/(2/g) prime?
False
Suppose 3567 + 2910 = 3*i. Is i a composite number?
True
Is (161/(-46))/((-1)/3802) a composite number?
True
Suppose -42604 = -4*d - 3*j, 55883 = 4*d + j + 13279. Is d a prime number?
True
Let d be (-2 + 33/(-9))*6. Let c = 22 - d. Suppose 3*y = -4*l + 203, -2*y = l - c - 76. Is y composite?
True
Suppose 2*w = -4*b + 4*w + 1446, 3*w - 719 = -2*b. Is b a composite number?
True
Suppose -9 - 29 = -2*t. Let b(k) = -4*k + 2*k - k + t*k**2 + 1. Is b(2) composite?
False
Suppose c = -3*m + 3286 - 534, m = 5*c - 13808. Is c a composite number?
True
Let q = -14185 + 21894. Is q a composite number?
True
Let x = 10249 - 6912. Is x a prime number?
False
Is (-61394)/(-14) - 46/161 prime?
False
Suppose 0 = -13*o + 920 + 627. Is o composite?
True
Let l(m) = 39*m**3 + 4*m**2 + m + 29. Is l(8) a prime number?
True
Let a = 1280 - -501. Is a prime?
False
Suppose 3*p - p - 3 = -v, -3*v + 3*p = 0. Suppose 3*c - 2*c + 5*x = -v, -3*x = -6. Let m(o) = 2*o**2 + 16*o + 3. Is m(c) a composite number?
True
Let h be 9/(-2)*2/(-3). Suppose 2*g + 11 = 2*k + h, -k = 2*g - 4. Is (k/2 - 3)*-53 composite?
False
Let t(v) = -v**2 - 7*v - 9. Let c be t(-4). Let o(h) = -13*h + 3*h + 26 - c. Is o(-11) a composite number?
True
Let j be (0 - 4) + (-12 - -6). Let b(q) = 2*q**2 + 14*q + 25. Is b(j) prime?
False
Let m(u) = 1715*u - 99. Is m(4) composite?
False
Is 633*(124/6 - 3) a prime number?
False
Let s(g) = 33*g**3 - g**2 - g + 1. Let c be s(1). Suppose r - 2*x + 14 = 2*r, -4*x - c = -4*r. Let l = 44 - r. Is l a prime number?
False
Is ((-34307)/14 - 5)/((-21)/434) a composite number?
True
Let z = -68 - -73. Suppose 7113 - 818 = z*k. Is k a prime number?
True
Let f(k) = -106*k - 6. Let l(z) = -316*z - 18. Let a(c) = -8*f(c) + 3*l(c). Is a(-13) a prime number?
False
Let q = -83 - -119. Suppose -i - 548 - 1094 = 0. Is i/(-18) - 8/q prime?
False
Suppose 0*c + 9 = 3*c. Is c/9 + (-7)/(21/(-4688)) a composite number?
True
Let o(t) = 11*t**2 - 4*t - 20. Let l(d) = -12*d**2 + 4*d + 22. Let c(b) = 4*l(b) + 5*o(b). Let z be 5*(2 - (3 + -2)). Is c(z) a prime number?
False
Suppose -5*a = -3*r - 20245, -4*a - 3*r = -18086 + 1890. Is a a prime number?
True
Let q = 289 - 175. Is q/24 - 5 - 1143/(-12) a composite number?
True
Let o(z) = 21*z**3 - 7*z**2 + 7*z + 4. Let h(k) = -16*k - 93. Let a be h(-6). Is o(a) a composite number?
True
Let l(q) = 40*q**2 - 28*q + 89. Is l(9) a composite number?
True
Let z(o) = 55*o**3 + 2*o**2 + 6*o - 8. Is z(5) composite?
False
Let i(w) = -2*w - 3 + 35*w + 14. Let c be i(9). Let a = c + -163. Is a a composite number?
True
Let x be (-2)/((-4)/11290)*(-4)/(-10). Suppose 4*u = 518 + x. Is u a prime number?
False
Suppose -9*m + 13 = 94. Let z(b) be the second derivative of -20*b**3/3 + 19*b**2/2 - b. Is z(m) composite?
False
Let u(j) = j**3 - 9*j**2 + 8*j + 1. Let i be u(8). Let d be 2*i/4*2. Let w(b) = 33*b**2 - b - 1. Is w(d) prime?
True
Let z(s) = -s**2 + 7*s + 8. Let a be z(8). Suppose a = -3*x + 126 + 768. Is x composite?
True
Let d(b) = -b - 4*b**2 + 4*b**2 + 10*b - 7 + b**2. Let v be d(-10). Is (17/v)/(2/66) a prime number?
False
Let d(o) = -1193*o - 29. Is d(-2) a composite number?
False
Let n = -84180 + 156851. Is n a composite number?
False
Let h be (4/14 - (-135)/(-105))/1. Is (-1 - h - 1021)/((-41)/287) composite?
True
Suppose -5*h + 3*f = -13033, -2*f = -5*h - f + 13041. Is h prime?
True
Let b be 18/(-81) - 554/18. Let q = b + 110. Is q composite?
False
Suppose 12*q - 21*q + 30285 = 0. Is q a composite number?
True
Let s(r) be the first derivative of r**3/3 + 10. Let l be s(8). Suppose -l = -3*h + 371. Is h a prime number?
False
Let y be -3 + 1 + (24 - 0/4). Let t = y + -3. Is t prime?
True
Let f(d) = -8*d**3 - 3*d**2 - 11*d - 13. Is f(-6) a composite number?
True
Suppose 2*s - 5*s = -p + 224, 3*s - 242 = -p. Is p a composite number?
False
Suppose p - 21983 = -4*u, 8*p - 3*p + u = 109858. Is p prime?
False
Suppose 4*b - 92120 = 134708. Is b a composite number?
True
Let a(u) = u**2 + u + 7. Let c be a(0). Suppose c = v + 2. Suppose -v*r + 32 + 233 = 0. Is r composite?
False
Is ((-24)/36)/(13904/(-6951) - -2) composite?
True
Let i(f) = -2*f - 15. Suppose 0*v + 3*v = -30. Let w be i(v). Suppose w*t + 2*g - 193 = 0, 0*t - 5*g = 4*t - 151. Is t a prime number?
False
Let a(x) = -89*x**2 + 7*x - 6. Let z(w) = w**2 - 6*w - 11. Let c be z(8). Let n(m) = 90*m**2 - 6*m + 5. Let s(t) = c*a(t) + 6*n(t). Is s(1) a prime number?
False
Suppose -5*b = -29 + 4, 2*k - 2230 = -2*b. Is (-2)/4 + k/4